{"id":14,"date":"2018-04-09T10:06:58","date_gmt":"2018-04-09T10:06:58","guid":{"rendered":"http:\/\/192.168.2.233\/vino\/?page_id=14"},"modified":"2022-04-13T08:00:22","modified_gmt":"2022-04-13T08:00:22","slug":"villa","status":"publish","type":"page","link":"https:\/\/sviluppo.tmedia.it\/brda\/villa\/","title":{"rendered":"Villa Vipol\u017ee"},"content":{"rendered":"<p>[vc_row gap=&#8221;&#8221; css=&#8221;.vc_custom_1554977190647{padding-top: 0px !important;padding-bottom: 60px !important;}&#8221;][vc_column][vc_column_text]La pi\u00f9 bella dimora rinascimentale della Slovenia si \u00e8 risvegliata dopo lunghi decenni in tutta la propria maestosit\u00e0! Un tempo dimora di importanti famiglie nobiliari goriziane, oggi cuore di eventi e incontri di importanza locale e internazionale, intreccia i fili della vita sociale del territorio transfrontaliero, dove al racconto comune si sono inchinati il mondo germanico, quello latino e quello slavo.<\/p>\n<p>Ma una vera ciliegina sulla torta aspetta i visitatori al piano superiore: qui vi attende un affresco che \u00e8 stato ristrutturato da maestri restauratori di Lubiana.<\/p>\n<p>Lasciatevi cullare da un rilassante incontro con gli amici nella cantina della Villa Vipol\u017ee, dove oltre a una storia culinaria straordinaria troverete anche 400 etichette di vini di prim&#8217;ordine, tra i top 100 vini al mondo. Qui, ogni vostro incontro sociale diverr\u00e0 un&#8217;esperienza particolare.<\/p>\n<p>Desiderate una breve pausa di relax con cibo e un bicchiere di vino in buona compagnia? Concedetevi un aperitivo nel ristorante Kruh &amp; Vino! Abbracciati dalle colline di Brda, in questa bellezza rinascimentale ogni assaggio dell&#8217;enogastronomia del territorio circostante sar\u00e0 straordinario.<\/p>\n<p>La Villa Vipol\u017ee con l&#8217;eleganza del proprio piano nobile si mostra anche in occasione di incontri culturali, di business e protocollari importanti. Con attrezzatura tecnica al completo e personale altamente specializzato potete lasciare a noi l&#8217;organizzazione dell&#8217;evento.<\/p>\n<p>Con il suo fascino e la sua raffinata eleganza Villa Vipol\u017ee \u00e8 la location ideale per un matrimonio da sogno.<\/p>\n<p>Dispone inoltre di 3 eleganti camere matrimoniali superior e 3 junior suite.<\/p>\n<p>A Villa Vipol\u017ee ogni incontro si tramuta in un evento. State ancora dubitando se visitarci o meno?[\/vc_column_text][vc_empty_space height=&#8221;50px&#8221;][vc_btn title=&#8221;Verificate la ricca offerta&#8221; style=&#8221;classic&#8221; shape=&#8221;square&#8221; color=&#8221;success&#8221; align=&#8221;center&#8221; link=&#8221;url:https%3A%2F%2Fwww.vilavipolze.eu%2Fit%2Fvilla%2Fchi_siamo%2F|||&#8221;][\/vc_column][\/vc_row][vc_row full_width=&#8221;stretch_row_content_no_spaces&#8221; gap=&#8221;&#8221;][vc_column]<div class=\"eltdf-portfolio-list-holder eltdf-pl-masonry eltdf-pl-four-columns eltdf-pl-no-space eltdf-pl-info-on-image-hover eltdf-pl-hover-slide-from-image-bottom\"  data-next-page=\"2\" data-type=\"masonry\" data-number-of-columns=\"4\" data-space-between-items=\"no_space\" data-number-of-items=\"-1\" data-image-proportions=\"full\" data-category=\"villa-vipolze\" data-order-by=\"date\" data-order=\"DESC\" data-info-position=\"on-image-hover\" data-image-hover-type1=\"slide-from-image-bottom\" data-disable-title=\"no\" data-title-tag=\"h4\" data-disable-category=\"no\" data-disable-excerpt=\"yes\" data-excerpt-length=\"20\" data-enable-variable-width=\"no\" data-pagination=\"yes\" data-max-num-pages=\"0\"><div class=\"eltdf-pl-inner clearfix\"><div class=\"eltdf-pl-grid-sizer\"><\/div><div class=\"eltdf-pl-grid-gutter\"><\/div><article class=\"eltdf-pl-item eltdf-pl-masonry-large-width-height post-10978 portfolio-item type-portfolio-item status-publish has-post-thumbnail hentry portfolio-category-villa-vipolze\">\n\t<div class=\"eltdf-pl-item-inner\">\n\t\t<div class=\"eltdf-pli-image\">\n\t\t\t\t\t\t\t<img width=\"1499\" height=\"1000\" src=\"https:\/\/sviluppo.tmedia.it\/brda\/wp-content\/uploads\/2018\/05\/villa01.jpg\" class=\"attachment-full size-full wp-post-image\" alt=\"\" loading=\"lazy\" srcset=\"https:\/\/sviluppo.tmedia.it\/brda\/wp-content\/uploads\/2018\/05\/villa01.jpg 1499w, https:\/\/sviluppo.tmedia.it\/brda\/wp-content\/uploads\/2018\/05\/villa01-600x400.jpg 600w, https:\/\/sviluppo.tmedia.it\/brda\/wp-content\/uploads\/2018\/05\/villa01-300x200.jpg 300w, https:\/\/sviluppo.tmedia.it\/brda\/wp-content\/uploads\/2018\/05\/villa01-768x512.jpg 768w, https:\/\/sviluppo.tmedia.it\/brda\/wp-content\/uploads\/2018\/05\/villa01-1024x683.jpg 1024w, https:\/\/sviluppo.tmedia.it\/brda\/wp-content\/uploads\/2018\/05\/villa01-1187x792.jpg 1187w\" sizes=\"(max-width: 1499px) 100vw, 1499px\" \/>\t\t\t\t\t\t\t\t<\/div>\n\t\t\t\t\t<div class=\"eltdf-pli-text-holder\">\n\t\t\t\t<div class=\"eltdf-pli-text-wrapper\">\n\t\t\t\t\t<div class=\"eltdf-pli-text\">\n\t\t\t\t\t\t\t\t\t\t\t\t\t<h4 itemprop=\"name\" class=\"eltdf-pli-title entry-title\">\n\t\t\t\t\t\t\t\tAmbasada umetnikov\t\t\t\t\t\t\t<\/h4>\n\t\t\t\t\t\t\n\t\t\t\t\t\t<div class=\"eltdf-pli-category-holder\"><a itemprop=\"url\" class=\"eltdf-pli-category\" href=\"https:\/\/sviluppo.tmedia.it\/brda\/portfolio-category\/villa-vipolze\/\">Villa Vipol\u017ee<\/a><\/div>\t\t\t\t\t\n\t\t\t\t\t\t\t\t\t\t\t<\/div>\n\t\t\t\t<\/div>\n\t\t\t<\/div>\n\t\t\t\t<a itemprop=\"url\" class=\"eltdf-pli-link\" href=\"https:\/\/sviluppo.tmedia.it\/brda\/portfolio-item\/ambasada-umetnikov-2\/\" target=\"_self\"><\/a>\n\t<\/div>\n<\/article><article class=\"eltdf-pl-item  post-10977 portfolio-item type-portfolio-item status-publish has-post-thumbnail hentry portfolio-category-villa-vipolze\">\n\t<div class=\"eltdf-pl-item-inner\">\n\t\t<div class=\"eltdf-pli-image\">\n\t\t\t\t\t\t\t<img width=\"1499\" height=\"1000\" src=\"https:\/\/sviluppo.tmedia.it\/brda\/wp-content\/uploads\/2018\/05\/villa02.jpg\" class=\"attachment-full size-full wp-post-image\" alt=\"\" loading=\"lazy\" srcset=\"https:\/\/sviluppo.tmedia.it\/brda\/wp-content\/uploads\/2018\/05\/villa02.jpg 1499w, https:\/\/sviluppo.tmedia.it\/brda\/wp-content\/uploads\/2018\/05\/villa02-600x400.jpg 600w, https:\/\/sviluppo.tmedia.it\/brda\/wp-content\/uploads\/2018\/05\/villa02-300x200.jpg 300w, https:\/\/sviluppo.tmedia.it\/brda\/wp-content\/uploads\/2018\/05\/villa02-768x512.jpg 768w, https:\/\/sviluppo.tmedia.it\/brda\/wp-content\/uploads\/2018\/05\/villa02-1024x683.jpg 1024w, https:\/\/sviluppo.tmedia.it\/brda\/wp-content\/uploads\/2018\/05\/villa02-1187x792.jpg 1187w\" sizes=\"(max-width: 1499px) 100vw, 1499px\" \/>\t\t\t\t\t\t\t\t<\/div>\n\t\t\t\t\t<div class=\"eltdf-pli-text-holder\">\n\t\t\t\t<div class=\"eltdf-pli-text-wrapper\">\n\t\t\t\t\t<div class=\"eltdf-pli-text\">\n\t\t\t\t\t\t\t\t\t\t\t\t\t<h4 itemprop=\"name\" class=\"eltdf-pli-title entry-title\">\n\t\t\t\t\t\t\t\tAmbasada umetnikov\t\t\t\t\t\t\t<\/h4>\n\t\t\t\t\t\t\n\t\t\t\t\t\t<div class=\"eltdf-pli-category-holder\"><a itemprop=\"url\" class=\"eltdf-pli-category\" href=\"https:\/\/sviluppo.tmedia.it\/brda\/portfolio-category\/villa-vipolze\/\">Villa Vipol\u017ee<\/a><\/div>\t\t\t\t\t\n\t\t\t\t\t\t\t\t\t\t\t<\/div>\n\t\t\t\t<\/div>\n\t\t\t<\/div>\n\t\t\t\t<a itemprop=\"url\" class=\"eltdf-pli-link\" href=\"https:\/\/sviluppo.tmedia.it\/brda\/portfolio-item\/ambasada-umetnikov\/\" target=\"_self\"><\/a>\n\t<\/div>\n<\/article><article class=\"eltdf-pl-item eltdf-pl-masonry-large-width-height post-10976 portfolio-item type-portfolio-item status-publish has-post-thumbnail hentry portfolio-category-villa-vipolze\">\n\t<div class=\"eltdf-pl-item-inner\">\n\t\t<div class=\"eltdf-pli-image\">\n\t\t\t\t\t\t\t<img width=\"1000\" height=\"665\" src=\"https:\/\/sviluppo.tmedia.it\/brda\/wp-content\/uploads\/2018\/04\/vila-vipolze-soba.jpg\" class=\"attachment-full size-full wp-post-image\" alt=\"\" loading=\"lazy\" srcset=\"https:\/\/sviluppo.tmedia.it\/brda\/wp-content\/uploads\/2018\/04\/vila-vipolze-soba.jpg 1000w, https:\/\/sviluppo.tmedia.it\/brda\/wp-content\/uploads\/2018\/04\/vila-vipolze-soba-600x399.jpg 600w, https:\/\/sviluppo.tmedia.it\/brda\/wp-content\/uploads\/2018\/04\/vila-vipolze-soba-300x200.jpg 300w, https:\/\/sviluppo.tmedia.it\/brda\/wp-content\/uploads\/2018\/04\/vila-vipolze-soba-768x511.jpg 768w\" sizes=\"(max-width: 1000px) 100vw, 1000px\" \/>\t\t\t\t\t\t\t\t<\/div>\n\t\t\t\t\t<div class=\"eltdf-pli-text-holder\">\n\t\t\t\t<div class=\"eltdf-pli-text-wrapper\">\n\t\t\t\t\t<div class=\"eltdf-pli-text\">\n\t\t\t\t\t\t\t\t\t\t\t\t\t<h4 itemprop=\"name\" class=\"eltdf-pli-title entry-title\">\n\t\t\t\t\t\t\t\tCamere\t\t\t\t\t\t\t<\/h4>\n\t\t\t\t\t\t\n\t\t\t\t\t\t<div class=\"eltdf-pli-category-holder\"><a itemprop=\"url\" class=\"eltdf-pli-category\" href=\"https:\/\/sviluppo.tmedia.it\/brda\/portfolio-category\/villa-vipolze\/\">Villa Vipol\u017ee<\/a><\/div>\t\t\t\t\t\n\t\t\t\t\t\t\t\t\t\t\t<\/div>\n\t\t\t\t<\/div>\n\t\t\t<\/div>\n\t\t\t\t<a itemprop=\"url\" class=\"eltdf-pli-link\" href=\"https:\/\/sviluppo.tmedia.it\/brda\/portfolio-item\/camere\/\" target=\"_self\"><\/a>\n\t<\/div>\n<\/article><article class=\"eltdf-pl-item  post-10975 portfolio-item type-portfolio-item status-publish has-post-thumbnail hentry portfolio-category-villa-vipolze\">\n\t<div class=\"eltdf-pl-item-inner\">\n\t\t<div class=\"eltdf-pli-image\">\n\t\t\t\t\t\t\t<img width=\"1500\" height=\"1000\" src=\"https:\/\/sviluppo.tmedia.it\/brda\/wp-content\/uploads\/2018\/05\/villa05.jpg\" class=\"attachment-full size-full wp-post-image\" alt=\"\" loading=\"lazy\" srcset=\"https:\/\/sviluppo.tmedia.it\/brda\/wp-content\/uploads\/2018\/05\/villa05.jpg 1500w, https:\/\/sviluppo.tmedia.it\/brda\/wp-content\/uploads\/2018\/05\/villa05-600x400.jpg 600w, https:\/\/sviluppo.tmedia.it\/brda\/wp-content\/uploads\/2018\/05\/villa05-300x200.jpg 300w, https:\/\/sviluppo.tmedia.it\/brda\/wp-content\/uploads\/2018\/05\/villa05-768x512.jpg 768w, https:\/\/sviluppo.tmedia.it\/brda\/wp-content\/uploads\/2018\/05\/villa05-1024x683.jpg 1024w, https:\/\/sviluppo.tmedia.it\/brda\/wp-content\/uploads\/2018\/05\/villa05-1188x792.jpg 1188w\" sizes=\"(max-width: 1500px) 100vw, 1500px\" \/>\t\t\t\t\t\t\t\t<\/div>\n\t\t\t\t\t<div class=\"eltdf-pli-text-holder\">\n\t\t\t\t<div class=\"eltdf-pli-text-wrapper\">\n\t\t\t\t\t<div class=\"eltdf-pli-text\">\n\t\t\t\t\t\t\t\t\t\t\t\t\t<h4 itemprop=\"name\" class=\"eltdf-pli-title entry-title\">\n\t\t\t\t\t\t\t\tMaster Class 2018\t\t\t\t\t\t\t<\/h4>\n\t\t\t\t\t\t\n\t\t\t\t\t\t<div class=\"eltdf-pli-category-holder\"><a itemprop=\"url\" class=\"eltdf-pli-category\" href=\"https:\/\/sviluppo.tmedia.it\/brda\/portfolio-category\/villa-vipolze\/\">Villa Vipol\u017ee<\/a><\/div>\t\t\t\t\t\n\t\t\t\t\t\t\t\t\t\t\t<\/div>\n\t\t\t\t<\/div>\n\t\t\t<\/div>\n\t\t\t\t<a itemprop=\"url\" class=\"eltdf-pli-link\" href=\"https:\/\/sviluppo.tmedia.it\/brda\/portfolio-item\/master-class-2018-2\/\" target=\"_self\"><\/a>\n\t<\/div>\n<\/article><article class=\"eltdf-pl-item eltdf-pl-masonry-large-width-height post-10974 portfolio-item type-portfolio-item status-publish has-post-thumbnail hentry portfolio-category-villa-vipolze\">\n\t<div class=\"eltdf-pl-item-inner\">\n\t\t<div class=\"eltdf-pli-image\">\n\t\t\t\t\t\t\t<img width=\"1499\" height=\"1000\" src=\"https:\/\/sviluppo.tmedia.it\/brda\/wp-content\/uploads\/2018\/05\/villa06.jpg\" class=\"attachment-full size-full wp-post-image\" alt=\"\" loading=\"lazy\" srcset=\"https:\/\/sviluppo.tmedia.it\/brda\/wp-content\/uploads\/2018\/05\/villa06.jpg 1499w, https:\/\/sviluppo.tmedia.it\/brda\/wp-content\/uploads\/2018\/05\/villa06-600x400.jpg 600w, https:\/\/sviluppo.tmedia.it\/brda\/wp-content\/uploads\/2018\/05\/villa06-300x200.jpg 300w, https:\/\/sviluppo.tmedia.it\/brda\/wp-content\/uploads\/2018\/05\/villa06-768x512.jpg 768w, https:\/\/sviluppo.tmedia.it\/brda\/wp-content\/uploads\/2018\/05\/villa06-1024x683.jpg 1024w, https:\/\/sviluppo.tmedia.it\/brda\/wp-content\/uploads\/2018\/05\/villa06-1187x792.jpg 1187w\" sizes=\"(max-width: 1499px) 100vw, 1499px\" \/>\t\t\t\t\t\t\t\t<\/div>\n\t\t\t\t\t<div class=\"eltdf-pli-text-holder\">\n\t\t\t\t<div class=\"eltdf-pli-text-wrapper\">\n\t\t\t\t\t<div class=\"eltdf-pli-text\">\n\t\t\t\t\t\t\t\t\t\t\t\t\t<h4 itemprop=\"name\" class=\"eltdf-pli-title entry-title\">\n\t\t\t\t\t\t\t\tMaster Class 2018\t\t\t\t\t\t\t<\/h4>\n\t\t\t\t\t\t\n\t\t\t\t\t\t<div class=\"eltdf-pli-category-holder\"><a itemprop=\"url\" class=\"eltdf-pli-category\" href=\"https:\/\/sviluppo.tmedia.it\/brda\/portfolio-category\/villa-vipolze\/\">Villa Vipol\u017ee<\/a><\/div>\t\t\t\t\t\n\t\t\t\t\t\t\t\t\t\t\t<\/div>\n\t\t\t\t<\/div>\n\t\t\t<\/div>\n\t\t\t\t<a itemprop=\"url\" class=\"eltdf-pli-link\" href=\"https:\/\/sviluppo.tmedia.it\/brda\/portfolio-item\/master-class-2018\/\" target=\"_self\"><\/a>\n\t<\/div>\n<\/article><article class=\"eltdf-pl-item  post-10971 portfolio-item type-portfolio-item status-publish has-post-thumbnail hentry portfolio-category-villa-vipolze\">\n\t<div class=\"eltdf-pl-item-inner\">\n\t\t<div class=\"eltdf-pli-image\">\n\t\t\t\t\t\t\t<img width=\"1498\" height=\"1000\" src=\"https:\/\/sviluppo.tmedia.it\/brda\/wp-content\/uploads\/2019\/04\/home1_ok.jpg\" class=\"attachment-full size-full wp-post-image\" alt=\"\" loading=\"lazy\" srcset=\"https:\/\/sviluppo.tmedia.it\/brda\/wp-content\/uploads\/2019\/04\/home1_ok.jpg 1498w, https:\/\/sviluppo.tmedia.it\/brda\/wp-content\/uploads\/2019\/04\/home1_ok-600x401.jpg 600w, https:\/\/sviluppo.tmedia.it\/brda\/wp-content\/uploads\/2019\/04\/home1_ok-300x200.jpg 300w, https:\/\/sviluppo.tmedia.it\/brda\/wp-content\/uploads\/2019\/04\/home1_ok-768x513.jpg 768w, https:\/\/sviluppo.tmedia.it\/brda\/wp-content\/uploads\/2019\/04\/home1_ok-1024x684.jpg 1024w, https:\/\/sviluppo.tmedia.it\/brda\/wp-content\/uploads\/2019\/04\/home1_ok-1186x792.jpg 1186w\" sizes=\"(max-width: 1498px) 100vw, 1498px\" \/>\t\t\t\t\t\t\t\t<\/div>\n\t\t\t\t\t<div class=\"eltdf-pli-text-holder\">\n\t\t\t\t<div class=\"eltdf-pli-text-wrapper\">\n\t\t\t\t\t<div class=\"eltdf-pli-text\">\n\t\t\t\t\t\t\t\t\t\t\t\t\t<h4 itemprop=\"name\" class=\"eltdf-pli-title entry-title\">\n\t\t\t\t\t\t\t\tVilla Vipol\u017ee\t\t\t\t\t\t\t<\/h4>\n\t\t\t\t\t\t\n\t\t\t\t\t\t<div class=\"eltdf-pli-category-holder\"><a itemprop=\"url\" class=\"eltdf-pli-category\" href=\"https:\/\/sviluppo.tmedia.it\/brda\/portfolio-category\/villa-vipolze\/\">Villa Vipol\u017ee<\/a><\/div>\t\t\t\t\t\n\t\t\t\t\t\t\t\t\t\t\t<\/div>\n\t\t\t\t<\/div>\n\t\t\t<\/div>\n\t\t\t\t<a itemprop=\"url\" class=\"eltdf-pli-link\" href=\"https:\/\/sviluppo.tmedia.it\/brda\/portfolio-item\/villa-vipolze\/\" target=\"_self\"><\/a>\n\t<\/div>\n<\/article><article class=\"eltdf-pl-item  post-10970 portfolio-item type-portfolio-item status-publish has-post-thumbnail hentry portfolio-category-villa-vipolze\">\n\t<div class=\"eltdf-pl-item-inner\">\n\t\t<div class=\"eltdf-pli-image\">\n\t\t\t\t\t\t\t<img width=\"667\" height=\"1000\" src=\"https:\/\/sviluppo.tmedia.it\/brda\/wp-content\/uploads\/2018\/05\/villa07.jpg\" class=\"attachment-full size-full wp-post-image\" alt=\"\" loading=\"lazy\" srcset=\"https:\/\/sviluppo.tmedia.it\/brda\/wp-content\/uploads\/2018\/05\/villa07.jpg 667w, https:\/\/sviluppo.tmedia.it\/brda\/wp-content\/uploads\/2018\/05\/villa07-600x900.jpg 600w, https:\/\/sviluppo.tmedia.it\/brda\/wp-content\/uploads\/2018\/05\/villa07-200x300.jpg 200w, https:\/\/sviluppo.tmedia.it\/brda\/wp-content\/uploads\/2018\/05\/villa07-528x792.jpg 528w\" sizes=\"(max-width: 667px) 100vw, 667px\" \/>\t\t\t\t\t\t\t\t<\/div>\n\t\t\t\t\t<div class=\"eltdf-pli-text-holder\">\n\t\t\t\t<div class=\"eltdf-pli-text-wrapper\">\n\t\t\t\t\t<div class=\"eltdf-pli-text\">\n\t\t\t\t\t\t\t\t\t\t\t\t\t<h4 itemprop=\"name\" class=\"eltdf-pli-title entry-title\">\n\t\t\t\t\t\t\t\tIl panorama notturno\t\t\t\t\t\t\t<\/h4>\n\t\t\t\t\t\t\n\t\t\t\t\t\t<div class=\"eltdf-pli-category-holder\"><a itemprop=\"url\" class=\"eltdf-pli-category\" href=\"https:\/\/sviluppo.tmedia.it\/brda\/portfolio-category\/villa-vipolze\/\">Villa Vipol\u017ee<\/a><\/div>\t\t\t\t\t\n\t\t\t\t\t\t\t\t\t\t\t<\/div>\n\t\t\t\t<\/div>\n\t\t\t<\/div>\n\t\t\t\t<a itemprop=\"url\" class=\"eltdf-pli-link\" href=\"https:\/\/sviluppo.tmedia.it\/brda\/portfolio-item\/il-panorama-notturno\/\" target=\"_self\"><\/a>\n\t<\/div>\n<\/article><\/div><\/div>[vc_empty_space height=&#8221;50px&#8221;][\/vc_column][\/vc_row]<\/p>\n","protected":false},"excerpt":{"rendered":"<p>[vc_row gap=&#8221;&#8221; css=&#8221;.vc_custom_1554977190647{padding-top: 0px !important;padding-bottom: 60px !important;}&#8221;][vc_column][vc_column_text]La pi\u00f9 bella dimora rinascimentale della Slovenia si \u00e8 risvegliata dopo lunghi decenni in tutta la propria maestosit\u00e0! Un tempo dimora di importanti famiglie nobiliari goriziane, oggi cuore di eventi e incontri di importanza locale e internazionale, intreccia i [&hellip;]<\/p>\n","protected":false},"author":1,"featured_media":0,"parent":0,"menu_order":0,"comment_status":"closed","ping_status":"closed","template":"","meta":{"_mi_skip_tracking":false},"_links":{"self":[{"href":"https:\/\/sviluppo.tmedia.it\/brda\/wp-json\/wp\/v2\/pages\/14"}],"collection":[{"href":"https:\/\/sviluppo.tmedia.it\/brda\/wp-json\/wp\/v2\/pages"}],"about":[{"href":"https:\/\/sviluppo.tmedia.it\/brda\/wp-json\/wp\/v2\/types\/page"}],"author":[{"embeddable":true,"href":"https:\/\/sviluppo.tmedia.it\/brda\/wp-json\/wp\/v2\/users\/1"}],"replies":[{"embeddable":true,"href":"https:\/\/sviluppo.tmedia.it\/brda\/wp-json\/wp\/v2\/comments?post=14"}],"version-history":[{"count":32,"href":"https:\/\/sviluppo.tmedia.it\/brda\/wp-json\/wp\/v2\/pages\/14\/revisions"}],"predecessor-version":[{"id":11185,"href":"https:\/\/sviluppo.tmedia.it\/brda\/wp-json\/wp\/v2\/pages\/14\/revisions\/11185"}],"wp:attachment":[{"href":"https:\/\/sviluppo.tmedia.it\/brda\/wp-json\/wp\/v2\/media?parent=14"}],"curies":[{"name":"wp","href":"https:\/\/api.w.org\/{rel}","templated":true}]}}